t is -1d2 + 106c1?
104cd
In base 2, what is -110100 + -100110001110101100101?
-100110001110110011001
In base 3, what is 112 + 100110001101020?
100110001101202
In base 5, what is -1 - 14044204443?
-14044204444
In base 10, what is -2475748 - -6?
-2475742
In base 4, what is -2321303 - 11101222?
-20023131
In base 8, what is 11 + -453072770?
-453072757
In base 12, what is 66 - 19330?
-19286
In base 4, what is -11 + 1330000302311?
1330000302300
In base 16, what is ff - 1e6f97?
-1e6e98
In base 15, what is 1 + c3da01?
c3da02
In base 6, what is 3102244351 - -4?
3102244355
In base 9, what is -1403 + 6421?
5017
In base 8, what is 13326076 - 7?
13326067
In base 8, what is 131517 - -106?
131625
In base 13, what is -4 - -b40c5?
b40c1
In base 15, what is 3 + 45a1b3?
45a1b6
In base 6, what is 31232401 - 114?
31232243
In base 2, what is 10010011010100000011 + 111000001?
10010011011011000100
In base 11, what is -2a + 3191426?
31913a7
In base 8, what is -1657273767 - -4?
-1657273763
In base 4, what is 12332120132020 + -2?
12332120132012
In base 15, what is 9e663a - -15?
9e6650
In base 5, what is -13014223204 - 2?
-13014223211
In base 10, what is 13177 + -1290?
11887
In base 16, what is -94f - -7b9a?
724b
In base 14, what is -a - 2b8ab7?
-2b8ac3
In base 11, what is 1608a + -50253?
-35174
In base 6, what is 31052341 + 5?
31052350
In base 15, what is 2 - -d0158d2?
d0158d4
In base 13, what is 1204377a - 5?
12043775
In base 15, what is -9331a - -11?
-93309
In base 3, what is 11 + 10121201210102?
10121201210120
In base 9, what is -3 + 10020827?
10020824
In base 12, what is 286 + -14955?
-1468b
In base 8, what is -11164 + 1071?
-10073
In base 11, what is -20 - -151134?
151114
In base 4, what is 132003312232 + -3?
132003312223
In base 5, what is -3302420 - 10232?
-3313202
In base 5, what is 11221 + 24021324?
24033100
In base 16, what is f2 + 2d?
11f
In base 8, what is -4045123 + -1?
-4045124
In base 14, what is 24 + -47372?
-4734c
In base 5, what is 10 + 30311334312?
30311334322
In base 11, what is -40 - 3615a?
-3619a
In base 9, what is 7865164 + 2?
7865166
In base 10, what is -2 - 12556215?
-12556217
In base 14, what is 1519c1a - 0?
1519c1a
In base 10, what is -2 + 9541031?
9541029
In base 3, what is 22112200010222 + -2?
22112200010220
In base 9, what is -1013 - 14364?
-15377
In base 16, what is b5591 + 66?
b55f7
In base 10, what is 5 + -61891406?
-61891401
In base 15, what is -1e - -12aa14?
12a9e5
In base 3, what is -22 + 11110012121011?
11110012120212
In base 5, what is 340 - 212244213?
-212243323
In base 6, what is -14134401 + 1200?
-14133201
In base 16, what is 2 - -164f3fd?
164f3ff
In base 13, what is 386859c + 3?
38685a2
In base 6, what is -121125050 + 1?
-121125045
In base 6, what is 1044512153 - 4?
1044512145
In base 8, what is 1134214 - -3145?
1137361
In base 4, what is -30111120222 + 10?
-30111120212
In base 11, what is -56a821a + -4?
-56a8223
In base 9, what is 6 - 112184044?
-112184037
In base 2, what is -11000010 + 11100001000011010000?
11100001000000001110
In base 13, what is -4 - -25a50844?
25a50840
In base 14, what is a - 5d8c3b?
-5d8c31
In base 6, what is -453023 - 44?
-453111
In base 6, what is 10 - -3224000332?
3224000342
In base 7, what is 5 - 1223260334?
-1223260326
In base 6, what is -11 - -12341530?
12341515
In base 7, what is -15 + 6566654?
6566636
In base 2, what is 101011001101 - -1010101000101?
10000000010010
In base 4, what is 22120012 - -31001?
22211013
In base 7, what is 11120 - 13532?
-2412
In base 9, what is -1502557 - 726?
-1503384
In base 9, what is -365385537 - 4?
-365385542
In base 3, what is 111121012112012 + 10?
111121012112022
In base 12, what is 26a6a + 2014?
28a82
In base 7, what is 15 - -212214040?
212214055
In base 16, what is -15886 - -2ae?
-155d8
In base 13, what is -288435 + 10?
-288425
In base 15, what is -10b628 + -2?
-10b62a
In base 4, what is -2113311 + -132021?
-2311332
In base 5, what is 22031200 - -112?
22031312
In base 2, what is 1 + -101011100001111011101?
-101011100001111011100
In base 7, what is -162156606 + 0?
-162156606
In base 15, what is d + -14cd2d6?
-14cd2c8
In base 8, what is -21204 - -237?
-20745
In base 11, what is 355 - -202082?
202427
In base 14, what is -3559 + 3c4?
-3175
In base 8, what is 17 - 7542006?
-7541767
In base 11, what is -166773 + -133?
-1668a6
In base 4, what is 2222 - 11102121111?
-11102112223
In base 5, what is -2 - -32424243?
32424241
In base 11, what is 28971 - -65a?
29520
In base 13, what is 2994c1 - 151?
299370
In base 16, what is 398039 + -d?
39802c
In base 3, what is -210102101100102 + 1?
-210102101100101
In base 7, what is -51014 + -5220?
-56234
In base 7, what is -11 + 13404100?
13404056
In base 5, what is 24422011 + -1?
24422010
In base 15, what is -2a1 + -61b4?
-6465
In base 15, what is -1 + c1bb86?
c1bb85
In base 8, what is -1620260 - -24?
-1620234
In base 11, what is -5aa04 - 0?
-5aa04
In base 16, what is 144cf1a + 8?
144cf22
In base 2, what is 0 + -10011100000010000111010?
-10011100000010000111010
In base 15, what is -1 + -6969b9?
-6969ba
In base 10, what is -1 - 29645286?
-29645287
In base 14, what is -339 + 728?
3cd
In base 13, what is 98 - 135b00?
-135a35
In base 8, what is -2315 + 12035?
7520
In base 8, what is -4 + 4754302?
4754276
In base 11, what is 209029 - -15?
209043
In base 2, what is 101001010100111001101000 + -1000?
101001010100111001100000
In base 5, what is -431 + 111340030?
111334044
In base 7, what is 1 - 43403132?
-43403131
In base 13, what is 1a0 - -b129?
b2c9
In base 14, what is 569c - -82a?
60c8
In base 3, what is -1121222120 + 1000222?
-1120221121
In base 6, what is 4 - 25540350222?
-25540350214
In base 10, what is 2028 + -101679?
-99651
In base 5, what is 21 - 20044442?
-20044421
In base 15, what is -3 + a6a8726?
a6a8723
In base 13, what is 19 - -197834?
197850
In base 12, what is 29263a4 + -1?
29263a3
In base 9, what is -333 - 415752?
-416185
In base 2, what is 1010010111101 - -1001001010111?
10011100010100
In base 8, what is -13 + -40454723?
-40454736
In base 3, what is -2002 - -121022211121022?
121022211112020
In base 11, what is a5 + -523a91?
-523997
In base 7, what is 361013 - -26?
361042
In base 9, what is -3 - 46160523?
-46160526
In base 9, what is 50726287 - 1?
50726286
In base 14, what is -1833993 + 4?
-183398d
In base 5, what is -2313 - 22240024?
-22242342
In base 5, what is 1004 - -1324440?
1330444
In base 3, what is -2211112102100020 + -12?
-2211112102100102
In base 4, what is -30202002112 - 2133?
-30202010311
In base 5, what is -3332 + 410341?
402004
In base 12, what is 1b2a - -9625?
b553
In base 6, what is -245524140 - 24?
-245524204
In base 8, what is 3 + 22572454?
22572457
In base 3, what is 20 - -202001122002112?
202001122002202
In base 3, what is -102 + -20122120122202?
-20122120200011
In base 12, what is -4591 - -2005?
-2588
In base 16, what is 3743d - 16?
37427
In base 11, what is a - 7365227?
-7365218
In base 8, what is 1 - -160606054?
160606055
In base 7, what is -13554 + -1505?
-15362
In base 15, what is -3cc + -55a1?
-597d
In base 10, what is 2237 - 12310?
-10073
In base 15, what is 80cc93 - 2?
80cc91
In base 9, what is 0 - 164371332?
-164371332
In base 4, what is -1131220112 + -12310?
-1131233022
In base 14, what is -2c5 + -4cd4b?
-4d232
In base 12, what is 4539 + -11532?
-8bb5
In base 8, what is 2000 + -12103?
-10103
In base 2, what is -100101100010110011101 + 1111?
-100101100010110001110
In base 10, what is 3 - -1428368?
1428371
In base 3, what is -212011212 + -220101?
-220002020
In base 13, what is 2216 + -3207?
-cc1
In base 15, what is 28c638 - 9?
28c62e
In base 14, what is 2c21 - 922?
22dd
In base 2, what is 1000000001110111 + -100011100001?
111011110010110
In base 13, what is 7a3b06b9 + 1?
7a3b06ba
In base 6, what is 113 + -4442443?
-4442330
In base 15, what is 20 - 1858e?
-1856e
In base 15, what is 38d3a + 42?
38d7c
In base 13, what is -109 + -1043a2?
-1044ab
In base 16, what is -12665e3a + 4?
-12665e36
In base 13, what is -2 + 195870?
19586b
In base 5, what is 20022 + -203203?
-133131
In base 3, what is -10211 - -1102121102?
1102110121
In base 5, what is 33034014 + -1321?
33032143
In base 16, what is -46ca425 - 3?
-46ca428
In base 2, what is -101 - 110100110111010010001?
-110100110111010010110
In base 8, what is 1